-d + 24. Suppose 3*w - 50 = -5*h, 5*h - 115 = -5*w - 45. What is the remainder when l(0) is divided by w?
4
Let d be (-12)/36 + (-10)/(-3). Let w be (9/(-12))/((-1)/8). What is the remainder when (2/d)/(w/1017) is divided by 23?
21
Let t be 3/(3/2) + -133. Suppose 0 = -8*p - 251 - 117. Let y = p - t. What is the remainder when y is divided by 22?
19
Suppose 43 = -3*o - 5*l, -5*l = 6*o - o + 55. What is the remainder when o/(-21) - (3350/(-7))/5 is divided by 25?
21
Suppose 60 = 4*j - 5*r, -r + 6*r = 5*j - 70. Let f = 0 + j. Let g(x) = x**3 - 4*x**2 - 7*x - 1. What is the remainder when g(6) is divided by f?
9
Let d = -1608 - -1623. Let o(g) = 28*g**2 + 1. Calculate the remainder when o(-1) is divided by d.
14
Let x(b) = b**3 - 3*b**2 + 4*b + 2. Let s be x(4). Let o(f) = -12*f + 40. Let p be o(3). Suppose -p*t = s - 86. Calculate the remainder when 35 is divided by t.
9
Suppose 281*x + 66 = 283*x. Let m(k) = 3*k + 1. Calculate the remainder when x is divided by m(6).
14
What is the remainder when 44 is divided by (-18)/(-8) - 2/48*6?
0
Let r(p) = -4*p**2 - 6*p + 11. Let t be r(-7). Let w = 245 + t. Calculate the remainder when w is divided by 21.
18
Suppose 145 = 14*n + 19. Calculate the remainder when 529 is divided by n.
7
Let h = -347 - -354. Calculate the remainder when 123 is divided by h.
4
Let n(a) = a**2 + 5*a - 15. What is the remainder when n(-11) is divided by -1 + (-2)/4 - 174/(-12)?
12
Let t = -4 + 5. Suppose 2*y + 4*x = 70, -161 = -17*y + 12*y + 4*x. Calculate the remainder when (126 + 3)/(t - 0) is divided by y.
30
Let m(j) = -j**3 - j**2 + j + 11. Suppose -5 = -2*d - 1. Suppose d*c = 3*l + 2, 5*l - 2 = 2*c - 4*c. What is the remainder when 30 is divided by m(l)?
8
Let u(v) = v**2 + 14*v + 16. Calculate the remainder when 1181 is divided by u(-14).
13
Suppose r = 7 - 3. Suppose -2*v + 57 = r*h - 13, 2*v - 89 = -5*h. What is the remainder when 30 is divided by h?
11
Let j = 7515 + -5178. Calculate the remainder when j is divided by 60.
57
Let k = -28 + 82. Let v = 55 - k. What is the remainder when 3 is divided by v?
0
Let g = 664 - 625. Suppose 5 = 2*h + s - 20, 0 = 2*h + 5*s - 45. Calculate the remainder when g is divided by h.
9
Let b be (222/(-12))/(3/6). Let r = b - -52. What is the remainder when 58 is divided by r?
13
Let m be 18/3 - 4 - 0. Calculate the remainder when m + ((-16)/(-6))/(1/18) is divided by 18.
14
What is the remainder when 296 is divided by (-74)/(-8) - (-32)/(-128)?
8
What is the remainder when (-8)/(-2) - (-1)/(-1)*-97 is divided by 10?
1
Let z(u) = 2*u**2 - 26*u + 214. What is the remainder when z(6) is divided by 19?
16
Let k(z) = z**2 - 6*z + 2. Let a(b) = -2*b**2 + 4*b - 7. Let l be a(6). Let c be (-119)/(-11) - 10/l. What is the remainder when k(c) is divided by 10?
7
Let b(s) = -s**3 + 17*s**2 - 14*s + 9. Let n be b(16). Let h = -33 + n. Calculate the remainder when h is divided by 2.
0
Suppose -113 + 14 = -4*n + 5*g, 0 = 3*n + 2*g - 57. Suppose 2*m + 21 = 3*m. Suppose -98 + m = -7*z. What is the remainder when n is divided by z?
10
Calculate the remainder when 767 is divided by (31 + 2)/(42/98).
74
Let j = 49 - 44. Suppose 62 + 143 = j*s. Let g(o) = 6*o**2 + 2*o + 2. What is the remainder when s is divided by g(-2)?
19
Calculate the remainder when 37 is divided by (2 + -1)/(891/(-90) + 10).
7
Suppose 0 = -5*w + 25, -5*n = 4*w - 561 - 194. Let r = n + -139. What is the remainder when r is divided by 3?
2
Let w(s) = 5*s - 35. Let u be w(7). Suppose 300 = 5*x + 5*q + 10, u = -3*x + q + 174. Calculate the remainder when 228 is divided by x.
54
Suppose -3*h + 2*j + 809 = 0, -47*h + 5*j = -51*h + 1094. Calculate the remainder when h is divided by 13.
11
Suppose -k = -4*p - 56, -5*k - 3*p + 204 = -4*p. Suppose 82*f - k = 77*f. Calculate the remainder when 78 is divided by f.
6
Suppose -4*i + i - 6 = 0. Calculate the remainder when (i/(-5))/((-4)/(-140)) is divided by 6.
2
Let c = -438 + 459. Calculate the remainder when 59 is divided by c.
17
Suppose 22 = -7*g - 6. Calculate the remainder when 24/((-265)/70 - g) is divided by 19.
17
Suppose 3*s + 30 = 3*o, -4 - 11 = -2*o + 3*s. Calculate the remainder when o is divided by 7.
1
Suppose -4*z = 8 - 32. Suppose -v + z = -8. What is the remainder when (-27)/(((-2)/(-2))/(-1)) is divided by v?
13
Suppose a + 2*q = -0*a + 3, 0 = 3*a + 3*q - 24. Suppose -d - d - 12 = 0. What is the remainder when 6/(-9) - 310/d is divided by a?
12
Suppose 5*s = 9*s - 88. Suppose -21 = -g + 5*l, l = 22*g - 17*g - 33. What is the remainder when s is divided by g?
4
Let w(m) = m**3 - 6*m**2 - 3. Let h be w(6). Let p be ((-2502)/(-15))/(h/(-10)). What is the remainder when 78 is divided by p/28 - (-2)/14?
18
Suppose -3*t + 9 = 0, 2*g + 2*t - 196 = 88. Calculate the remainder when g is divided by 50.
39
Let b be ((-15)/9)/((-3)/(-54)). Calculate the remainder when 152 is divided by (-2376)/(-60) + (-9)/b*-2.
35
Let o(x) = x**3 - 4*x**2 - 3*x - 1. Let w be o(5). Let r be -1 - -15 - (-15)/(-3). Suppose -c = -w - r. Calculate the remainder when 71 is divided by c.
17
Suppose 3*q - 33 = 3*a, -5*q - 3*a - 4 + 43 = 0. Suppose 2*d = -11 + 13. Calculate the remainder when q is divided by -1*3*5*d/(-3).
4
Suppose 2*l = -3*a + 23, 2*a - 5*l - 23 = 24. Calculate the remainder when 65 is divided by a.
10
Suppose 56 = -5*i + 7*i. Suppose 0 = -6*f + 2*f + i. Calculate the remainder when 10 is divided by f.
3
Suppose -9 = 2*r - 3, -4*y + 5*r + 491 = 0. Suppose y - 47 = 2*b. Let g = 21 - 2. Calculate the remainder when b is divided by g.
17
Suppose -5*y - 3*j - 27 = -y, y = 4*j + 17. Let m(t) = 11*t**2 - 2*t + 4. Calculate the remainder when m(y) is divided by 37.
35
Suppose -4*g + 120 = 3*j, 0 = j + 4 - 0. What is the remainder when 128 is divided by g?
29
Let m be (2 - 3)*(-4)/8*10. Suppose -49 = -p - 2*z, -m*p + 3*z = -36 - 157. Suppose 167 = 5*o + 57. What is the remainder when p is divided by o?
19
Let h(x) = x**3 + 18*x**2 + 18*x + 17. Let k be h(-17). Suppose r - 6*r + 290 = k. Calculate the remainder when r is divided by 12.
10
Suppose d + 107 = 121. Let h(b) = -b**3 + 7*b**2 - 5*b - 6. Let n be h(6). What is the remainder when (-2 - n)/(-4)*106 is divided by d?
11
Suppose -149*m - 112 = -151*m. Calculate the remainder when 197 is divided by m.
29
Suppose 3*c = 5*k - 22, 2*c + 2*k - 4*k + 12 = 0. Let i be 9/(c - (-55)/10). What is the remainder when 63 is divided by -6*((-16)/i + 0)?
15
Let m(k) = -11*k - 13*k + 7 - 19 + 8. Let s = -84 + 161. Calculate the remainder when s is divided by m(-1).
17
Let m = 5 + -26. Let b = m + 17. What is the remainder when 26 is divided by (-4)/16 + (-29)/b?
5
Let i = 8 - 12. Let u(f) = -f**3 - 4*f**2 - 2*f - 2. What is the remainder when -1*3*((-231)/(-9))/(-7) is divided by u(i)?
5
Suppose n - 137 = 3*b - 2, 0 = -2*b - 5*n - 90. Calculate the remainder when (4*b)/(-5)*2/3 is divided by 7.
3
Suppose -90 + 30 = -3*s. Suppose w - 228 = -2*w. Calculate the remainder when w is divided by s.
16
Let i = 3 - 4. Suppose -4*r + 5*w - 25 = 0, 5*w + 9 = 34. What is the remainder when 69 is divided by i + r - (-11 - 14)?
21
Let w(u) = -u**3 + 29*u**2 + 3*u - 17. Let n be w(29). Let f = 8 + -15. Let h = n - f. What is the remainder when h is divided by 26?
25
Suppose 21*w - 9*w - 852 = 0. Calculate the remainder when 148 is divided by w.
6
Calculate the remainder when 157*(12/2 - 5) is divided by 41.
34
Suppose 22*r - 3289 = 1221. Calculate the remainder when r is divided by 10.
5
Suppose 5*q = -22 + 7. What is the remainder when 34 is divided by (-81)/q*(-2)/(-6)?
7
Suppose -s - 12 - 13 = -2*a, 5*a - 56 = -4*s. Let p(f) = -25*f**3 - 8 + 11*f**3 + 13*f**3 + 6*f**2 + a*f. What is the remainder when p(7) is divided by 15?
12
Suppose 0*g + g + 20 = 4*h, -5*g + 5*h - 40 = 0. What is the remainder when g - 9/(45/(-410)) is divided by 14?
8
Let c = 115 + -29. Suppose k = 5*x + 34, 4*k - c = -k - 3*x. Let y = 18 - 8. Calculate the remainder when k is divided by y.
9
Let s = 3160 + -2995. What is the remainder when s is divided by 43?
36
Suppose x = 4*x + 69. Let u = x - -26. Suppose 2*d - u*y - 65 = 0, 4 = -2*y - 2. Calculate the remainder when d is divided by 5.
3
Suppose 56*f - 107 = 1069. Calculate the remainder when 166 is divided by f.
19
Suppose 60 = 21*d - 1347. What